{"id":16650,"date":"2020-02-24T22:15:15","date_gmt":"2020-02-24T22:15:15","guid":{"rendered":"https:\/\/demo01.houzez.co\/?page_id=16650"},"modified":"2021-07-13T07:04:56","modified_gmt":"2021-07-13T07:04:56","slug":"haqqimizda","status":"publish","type":"page","link":"https:\/\/vnstudio.agency\/ugurgroup\/haqqimizda\/","title":{"rendered":"Haqq\u0131m\u0131zda"},"content":{"rendered":"\t\t<div data-elementor-type=\"wp-page\" data-elementor-id=\"16650\" class=\"elementor elementor-16650\" data-elementor-settings=\"[]\">\n\t\t\t\t\t\t\t<div class=\"elementor-section-wrap\">\n\t\t\t\t\t\t\t<section class=\"elementor-section elementor-top-section elementor-element elementor-element-5b81e21 elementor-section-height-min-height animated-slow elementor-section-boxed elementor-section-height-default elementor-section-items-middle elementor-invisible\" data-id=\"5b81e21\" data-element_type=\"section\" data-settings=\"{&quot;background_background&quot;:&quot;classic&quot;,&quot;animation&quot;:&quot;fadeIn&quot;}\">\n\t\t\t\t\t\t\t<div class=\"elementor-background-overlay\"><\/div>\n\t\t\t\t\t\t\t<div class=\"elementor-container elementor-column-gap-default\">\n\t\t\t\t\t<div class=\"elementor-column elementor-col-100 elementor-top-column elementor-element elementor-element-ad367f8\" data-id=\"ad367f8\" data-element_type=\"column\">\n\t\t\t<div class=\"elementor-widget-wrap elementor-element-populated\">\n\t\t\t\t\t\t\t\t<div class=\"elementor-element elementor-element-0e7939f elementor-widget elementor-widget-heading\" data-id=\"0e7939f\" data-element_type=\"widget\" data-widget_type=\"heading.default\">\n\t\t\t\t<div class=\"elementor-widget-container\">\n\t\t\t<h1 class=\"elementor-heading-title elementor-size-default\">Haqq\u0131m\u0131zda<\/h1>\t\t<\/div>\n\t\t\t\t<\/div>\n\t\t\t\t\t<\/div>\n\t\t<\/div>\n\t\t\t\t\t\t\t<\/div>\n\t\t<\/section>\n\t\t\t\t<section class=\"elementor-section elementor-top-section elementor-element elementor-element-09038dc elementor-section-boxed elementor-section-height-default elementor-section-height-default\" data-id=\"09038dc\" data-element_type=\"section\" data-settings=\"{&quot;background_background&quot;:&quot;classic&quot;}\">\n\t\t\t\t\t\t<div class=\"elementor-container elementor-column-gap-default\">\n\t\t\t\t\t<div class=\"elementor-column elementor-col-100 elementor-top-column elementor-element elementor-element-c8278ac\" data-id=\"c8278ac\" data-element_type=\"column\">\n\t\t\t<div class=\"elementor-widget-wrap elementor-element-populated\">\n\t\t\t\t\t\t\t\t<div class=\"elementor-element elementor-element-3271868 elementor-widget elementor-widget-spacer\" data-id=\"3271868\" data-element_type=\"widget\" data-widget_type=\"spacer.default\">\n\t\t\t\t<div class=\"elementor-widget-container\">\n\t\t\t\t\t<div class=\"elementor-spacer\">\n\t\t\t<div class=\"elementor-spacer-inner\"><\/div>\n\t\t<\/div>\n\t\t\t\t<\/div>\n\t\t\t\t<\/div>\n\t\t\t\t<div class=\"elementor-element elementor-element-e7372b6 animated-slow elementor-invisible elementor-widget elementor-widget-houzez_elementor_section_title\" data-id=\"e7372b6\" data-element_type=\"widget\" data-settings=\"{&quot;_animation&quot;:&quot;fadeIn&quot;}\" data-widget_type=\"houzez_elementor_section_title.default\">\n\t\t\t\t<div class=\"elementor-widget-container\">\n\t\t\t            <div class=\"houzez_section_title_wrap section-title-module\">\n                                    <h2 class=\"houzez_section_title\">\u201cU\u011eUR GROUP \u0130N\u015eAAT\u201d MMC\n<\/h2>\n                \n                            <\/div>\n            \t\t<\/div>\n\t\t\t\t<\/div>\n\t\t\t\t<div class=\"elementor-element elementor-element-69fe9b8 elementor-widget elementor-widget-text-editor\" data-id=\"69fe9b8\" data-element_type=\"widget\" data-widget_type=\"text-editor.default\">\n\t\t\t\t<div class=\"elementor-widget-container\">\n\t\t\t\t\t\t\t\t<p>\u201cU\u011eUR GROUP \u0130N\u015eAAT\u201d MMC f\u0259aliyy\u0259tin\u0259 2015-ci ild\u0259n ba\u015flam\u0131\u015fd\u0131r.Bu zaman \u0259rzind\u0259 bir \u00e7ox ya\u015fay\u0131\u015fv\u0259 qeyri ya\u015fay\u0131\u015f obyektl\u0259rinin (villa, ba\u011f evi, kotec, hovuz,ofis, restoran, v\u0259 sair.) tikinti v\u0259 t\u0259mirini h\u0259yata ke\u00e7irmi\u015fdir. \u015eirk\u0259t Bak\u0131 \u015f\u0259h\u0259rind\u0259 v\u0259 regionlarda da f\u0259aliyy\u0259t g\u00f6st\u0259rir. Yarand\u0131\u011f\u0131 g\u00fcnd\u0259n y\u00fcks\u0259k keyfiyy\u0259ti, davaml\u0131 inki\u015faf\u0131 v\u0259 pe\u015f\u0259karl\u0131\u011f\u0131 \u0259lind\u0259 r\u0259hb\u0259r tutan \u015firk\u0259timiz, f\u0259aliyy\u0259t g\u00f6st\u0259rdiyi ill\u0259r \u0259rzind\u0259 Respublikam\u0131zda \u00e7oxlu sayda layih\u0259l\u0259r h\u0259yata ke\u00e7irmi\u015fdir. Hal-haz\u0131rda \u201cU\u011eUR GROUP \u0130N\u015eAAT\u201d MMC h\u0259r c\u00fcr layih\u0259, t\u0259mir, tikinti v\u0259 dizayn i\u015fl\u0259rinin \u00f6hd\u0259sind\u0259n y\u00fcks\u0259k s\u0259viyy\u0259d\u0259 g\u0259lir. Bu da \u201cU\u011eUR GROUP \u0130N\u015eAAT\u201d MMC-nin y\u00fcks\u0259k ixtisasl\u0131, uzun ill\u0259rin t\u0259cr\u00fcb\u0259sin\u0259 dayanan bacar\u0131ql\u0131 m\u00fct\u0259x\u0259sisl\u0259rd\u0259n t\u0259\u015fkil olunan heyy\u0259t vasit\u0259si il\u0259 realla\u015fd\u0131rmas\u0131n\u0131n g\u00f6st\u0259ricisidir.<\/p>\t\t\t\t\t\t<\/div>\n\t\t\t\t<\/div>\n\t\t\t\t<div class=\"elementor-element elementor-element-66f9e51 elementor-widget elementor-widget-spacer\" data-id=\"66f9e51\" data-element_type=\"widget\" data-widget_type=\"spacer.default\">\n\t\t\t\t<div class=\"elementor-widget-container\">\n\t\t\t\t\t<div class=\"elementor-spacer\">\n\t\t\t<div class=\"elementor-spacer-inner\"><\/div>\n\t\t<\/div>\n\t\t\t\t<\/div>\n\t\t\t\t<\/div>\n\t\t\t\t\t<\/div>\n\t\t<\/div>\n\t\t\t\t\t\t\t<\/div>\n\t\t<\/section>\n\t\t\t\t<section class=\"elementor-section elementor-top-section elementor-element elementor-element-fc78338 elementor-section-boxed elementor-section-height-default elementor-section-height-default\" data-id=\"fc78338\" data-element_type=\"section\" data-settings=\"{&quot;background_background&quot;:&quot;classic&quot;}\">\n\t\t\t\t\t\t<div class=\"elementor-container elementor-column-gap-default\">\n\t\t\t\t\t<div class=\"elementor-column elementor-col-100 elementor-top-column elementor-element elementor-element-50dc01c\" data-id=\"50dc01c\" data-element_type=\"column\">\n\t\t\t<div class=\"elementor-widget-wrap elementor-element-populated\">\n\t\t\t\t\t\t\t\t<div class=\"elementor-element elementor-element-1f9f780 elementor-widget elementor-widget-spacer\" data-id=\"1f9f780\" data-element_type=\"widget\" data-widget_type=\"spacer.default\">\n\t\t\t\t<div class=\"elementor-widget-container\">\n\t\t\t\t\t<div class=\"elementor-spacer\">\n\t\t\t<div class=\"elementor-spacer-inner\"><\/div>\n\t\t<\/div>\n\t\t\t\t<\/div>\n\t\t\t\t<\/div>\n\t\t\t\t<div class=\"elementor-element elementor-element-65f1be3 animated-slow elementor-invisible elementor-widget elementor-widget-houzez_elementor_section_title\" data-id=\"65f1be3\" data-element_type=\"widget\" data-settings=\"{&quot;_animation&quot;:&quot;fadeIn&quot;}\" data-widget_type=\"houzez_elementor_section_title.default\">\n\t\t\t\t<div class=\"elementor-widget-container\">\n\t\t\t            <div class=\"houzez_section_title_wrap section-title-module\">\n                                    <h2 class=\"houzez_section_title\">\u0130\u015fl\u0259rimiz<\/h2>\n                \n                            <\/div>\n            \t\t<\/div>\n\t\t\t\t<\/div>\n\t\t\t\t<section class=\"elementor-section elementor-inner-section elementor-element elementor-element-3e534d16 elementor-section-boxed elementor-section-height-default elementor-section-height-default\" data-id=\"3e534d16\" data-element_type=\"section\">\n\t\t\t\t\t\t<div class=\"elementor-container elementor-column-gap-default\">\n\t\t\t\t\t<div class=\"elementor-column elementor-col-25 elementor-inner-column elementor-element elementor-element-3f23d78\" data-id=\"3f23d78\" data-element_type=\"column\">\n\t\t\t<div class=\"elementor-widget-wrap elementor-element-populated\">\n\t\t\t\t\t\t\t\t<div class=\"elementor-element elementor-element-1eb96c65 elementor-widget elementor-widget-Houzez_elementor_grid_builder\" data-id=\"1eb96c65\" data-element_type=\"widget\" data-widget_type=\"Houzez_elementor_grid_builder.default\">\n\t\t\t\t<div class=\"elementor-widget-container\">\n\t\t\t\n        <div class=\"grid-item  grid-item-v2\" style=\"background-image: url(https:\/\/vnstudio.agency\/ugurgroup\/wp-content\/uploads\/2021\/07\/WhatsApp-Image-2021-06-08-at-22.07.25.jpeg)\">\n            <a class=\"grid-item-link hover-effect-flat\"  href=\"#\">\n                <div class=\"grid-item-text-wrap\">\n\n                                        <div class=\"grid-item-subtitle\">6 Otaq<\/div>\n                    \n                                        <div class=\"grid-item-title\">400 m\u00b2 Villa<\/div>\n                                        \n                                            <div class=\"grid-item-text-link\">159.000 \u20bc<\/div>\n                        <div class=\"grid-item-icon\">\n                            <i class=\"houzez-icon icon-arrow-button-right-2\"><\/i>\n                        <\/div>\n                                    <\/div><!-- taxonomy-text-wrap -->\n            <\/a>\n        <\/div>\n        \n        \t\t<\/div>\n\t\t\t\t<\/div>\n\t\t\t\t<div class=\"elementor-element elementor-element-3331c760 elementor-widget elementor-widget-Houzez_elementor_grid_builder\" data-id=\"3331c760\" data-element_type=\"widget\" data-widget_type=\"Houzez_elementor_grid_builder.default\">\n\t\t\t\t<div class=\"elementor-widget-container\">\n\t\t\t\n        <div class=\"grid-item  grid-item-v2\" style=\"background-image: url(https:\/\/vnstudio.agency\/ugurgroup\/wp-content\/uploads\/2021\/07\/WhatsApp-Image-2021-06-08-at-22.16.27.jpeg)\">\n            <a class=\"grid-item-link hover-effect-flat\"  href=\"#\">\n                <div class=\"grid-item-text-wrap\">\n\n                                        <div class=\"grid-item-subtitle\">7 Otaq<\/div>\n                    \n                                        <div class=\"grid-item-title\">460 m\u00b2 Dubleks Villa<\/div>\n                                        \n                                            <div class=\"grid-item-text-link\">220.800 \u20bc<\/div>\n                        <div class=\"grid-item-icon\">\n                            <i class=\"houzez-icon icon-arrow-button-right-2\"><\/i>\n                        <\/div>\n                                    <\/div><!-- taxonomy-text-wrap -->\n            <\/a>\n        <\/div>\n        \n        \t\t<\/div>\n\t\t\t\t<\/div>\n\t\t\t\t\t<\/div>\n\t\t<\/div>\n\t\t\t\t<div class=\"elementor-column elementor-col-25 elementor-inner-column elementor-element elementor-element-2f03ba33\" data-id=\"2f03ba33\" data-element_type=\"column\">\n\t\t\t<div class=\"elementor-widget-wrap elementor-element-populated\">\n\t\t\t\t\t\t\t\t<div class=\"elementor-element elementor-element-73f06ccf elementor-widget elementor-widget-Houzez_elementor_grid_builder\" data-id=\"73f06ccf\" data-element_type=\"widget\" data-widget_type=\"Houzez_elementor_grid_builder.default\">\n\t\t\t\t<div class=\"elementor-widget-container\">\n\t\t\t\n        <div class=\"grid-item  grid-item-v2\" style=\"background-image: url(https:\/\/vnstudio.agency\/ugurgroup\/wp-content\/uploads\/2021\/07\/WhatsApp-Image-2021-06-08-at-22.16.26-2.jpeg)\">\n            <a class=\"grid-item-link hover-effect-flat\"  href=\"#\">\n                <div class=\"grid-item-text-wrap\">\n\n                                        <div class=\"grid-item-subtitle\">7 Otaq<\/div>\n                    \n                                        <div class=\"grid-item-title\">460 m\u00b2 Dubleks Villa<\/div>\n                                        \n                                            <div class=\"grid-item-text-link\">220.800 \u20bc<\/div>\n                        <div class=\"grid-item-icon\">\n                            <i class=\"houzez-icon icon-arrow-button-right-2\"><\/i>\n                        <\/div>\n                                    <\/div><!-- taxonomy-text-wrap -->\n            <\/a>\n        <\/div>\n        \n        \t\t<\/div>\n\t\t\t\t<\/div>\n\t\t\t\t<div class=\"elementor-element elementor-element-19e3f9b1 elementor-widget elementor-widget-Houzez_elementor_grid_builder\" data-id=\"19e3f9b1\" data-element_type=\"widget\" data-widget_type=\"Houzez_elementor_grid_builder.default\">\n\t\t\t\t<div class=\"elementor-widget-container\">\n\t\t\t\n        <div class=\"grid-item  grid-item-v2\" style=\"background-image: url(https:\/\/vnstudio.agency\/ugurgroup\/wp-content\/uploads\/2021\/07\/WhatsApp-Image-2021-06-08-at-22.16.21-2.jpeg)\">\n            <a class=\"grid-item-link hover-effect-flat\"  href=\"#\">\n                <div class=\"grid-item-text-wrap\">\n\n                                        <div class=\"grid-item-subtitle\">6 Otaq<\/div>\n                    \n                                        <div class=\"grid-item-title\">420 m\u00b2 Villa<\/div>\n                                        \n                                            <div class=\"grid-item-text-link\">189.000 \u20bc<\/div>\n                        <div class=\"grid-item-icon\">\n                            <i class=\"houzez-icon icon-arrow-button-right-2\"><\/i>\n                        <\/div>\n                                    <\/div><!-- taxonomy-text-wrap -->\n            <\/a>\n        <\/div>\n        \n        \t\t<\/div>\n\t\t\t\t<\/div>\n\t\t\t\t\t<\/div>\n\t\t<\/div>\n\t\t\t\t<div class=\"elementor-column elementor-col-25 elementor-inner-column elementor-element elementor-element-4d9df547\" data-id=\"4d9df547\" data-element_type=\"column\">\n\t\t\t<div class=\"elementor-widget-wrap elementor-element-populated\">\n\t\t\t\t\t\t\t\t<div class=\"elementor-element elementor-element-7dddd05b elementor-widget elementor-widget-Houzez_elementor_grid_builder\" data-id=\"7dddd05b\" data-element_type=\"widget\" data-widget_type=\"Houzez_elementor_grid_builder.default\">\n\t\t\t\t<div class=\"elementor-widget-container\">\n\t\t\t\n        <div class=\"grid-item  grid-item-v3\" style=\"background-image: url(https:\/\/vnstudio.agency\/ugurgroup\/wp-content\/uploads\/2021\/07\/WhatsApp-Image-2021-06-08-at-22.16.22.jpeg)\">\n            <a class=\"grid-item-link hover-effect-flat\"  href=\"#\">\n                <div class=\"grid-item-text-wrap\">\n\n                                        <div class=\"grid-item-subtitle\">6 Otaq<\/div>\n                    \n                                        <div class=\"grid-item-title\">426 m\u00b2 L\u00fcks Dubleks<\/div>\n                                        \n                                            <div class=\"grid-item-text-link\">178.000 \u20bc<\/div>\n                        <div class=\"grid-item-icon\">\n                            <i class=\"houzez-icon icon-arrow-button-right-2\"><\/i>\n                        <\/div>\n                                    <\/div><!-- taxonomy-text-wrap -->\n            <\/a>\n        <\/div>\n        \n        \t\t<\/div>\n\t\t\t\t<\/div>\n\t\t\t\t\t<\/div>\n\t\t<\/div>\n\t\t\t\t<div class=\"elementor-column elementor-col-25 elementor-inner-column elementor-element elementor-element-5a3fe55b\" data-id=\"5a3fe55b\" data-element_type=\"column\">\n\t\t\t<div class=\"elementor-widget-wrap elementor-element-populated\">\n\t\t\t\t\t\t\t\t<div class=\"elementor-element elementor-element-2bab29a5 elementor-widget elementor-widget-Houzez_elementor_grid_builder\" data-id=\"2bab29a5\" data-element_type=\"widget\" data-widget_type=\"Houzez_elementor_grid_builder.default\">\n\t\t\t\t<div class=\"elementor-widget-container\">\n\t\t\t\n        <div class=\"grid-item  grid-item-v3\" style=\"background-image: url(https:\/\/vnstudio.agency\/ugurgroup\/wp-content\/uploads\/2021\/07\/WhatsApp-Image-2021-06-08-at-22.16.24-1.jpeg)\">\n            <a class=\"grid-item-link hover-effect-flat\"  href=\"#\">\n                <div class=\"grid-item-text-wrap\">\n\n                                        <div class=\"grid-item-subtitle\">6 Otaq<\/div>\n                    \n                                        <div class=\"grid-item-title\">360 m\u00b2 L\u00fcks Villa<\/div>\n                                        \n                                            <div class=\"grid-item-text-link\">162.000 \u20bc<\/div>\n                        <div class=\"grid-item-icon\">\n                            <i class=\"houzez-icon icon-arrow-button-right-2\"><\/i>\n                        <\/div>\n                                    <\/div><!-- taxonomy-text-wrap -->\n            <\/a>\n        <\/div>\n        \n        \t\t<\/div>\n\t\t\t\t<\/div>\n\t\t\t\t\t<\/div>\n\t\t<\/div>\n\t\t\t\t\t\t\t<\/div>\n\t\t<\/section>\n\t\t\t\t<div class=\"elementor-element elementor-element-848c2bc elementor-widget elementor-widget-spacer\" data-id=\"848c2bc\" data-element_type=\"widget\" data-widget_type=\"spacer.default\">\n\t\t\t\t<div class=\"elementor-widget-container\">\n\t\t\t\t\t<div class=\"elementor-spacer\">\n\t\t\t<div class=\"elementor-spacer-inner\"><\/div>\n\t\t<\/div>\n\t\t\t\t<\/div>\n\t\t\t\t<\/div>\n\t\t\t\t\t<\/div>\n\t\t<\/div>\n\t\t\t\t\t\t\t<\/div>\n\t\t<\/section>\n\t\t\t\t\t\t<\/div>\n\t\t\t\t\t<\/div>\n\t\t","protected":false},"excerpt":{"rendered":"<p>Haqq\u0131m\u0131zda \u201cU\u011eUR GROUP \u0130N\u015eAAT\u201d MMC \u201cU\u011eUR GROUP \u0130N\u015eAAT\u201d MMC f\u0259aliyy\u0259tin\u0259 2015-ci ild\u0259n ba\u015flam\u0131\u015fd\u0131r.Bu zaman \u0259rzind\u0259 bir \u00e7ox ya\u015fay\u0131\u015fv\u0259 qeyri ya\u015fay\u0131\u015f obyektl\u0259rinin (villa, ba\u011f evi, kotec, hovuz,ofis, restoran, v\u0259 sair.) tikinti v\u0259 t\u0259mirini h\u0259yata ke\u00e7irmi\u015fdir. \u015eirk\u0259t Bak\u0131 \u015f\u0259h\u0259rind\u0259 v\u0259 regionlarda da f\u0259aliyy\u0259t g\u00f6st\u0259rir. Yarand\u0131\u011f\u0131 g\u00fcnd\u0259n y\u00fcks\u0259k keyfiyy\u0259ti, davaml\u0131 inki\u015faf\u0131 v\u0259 pe\u015f\u0259karl\u0131\u011f\u0131 \u0259lind\u0259 r\u0259hb\u0259r tutan \u015firk\u0259timiz, f\u0259aliyy\u0259t [&hellip;]<\/p>\n","protected":false},"author":1,"featured_media":0,"parent":0,"menu_order":0,"comment_status":"closed","ping_status":"closed","template":"template\/template-homepage.php","meta":{"footnotes":""},"class_list":["post-16650","page","type-page","status-publish","hentry"],"_links":{"self":[{"href":"https:\/\/vnstudio.agency\/ugurgroup\/wp-json\/wp\/v2\/pages\/16650","targetHints":{"allow":["GET"]}}],"collection":[{"href":"https:\/\/vnstudio.agency\/ugurgroup\/wp-json\/wp\/v2\/pages"}],"about":[{"href":"https:\/\/vnstudio.agency\/ugurgroup\/wp-json\/wp\/v2\/types\/page"}],"author":[{"embeddable":true,"href":"https:\/\/vnstudio.agency\/ugurgroup\/wp-json\/wp\/v2\/users\/1"}],"replies":[{"embeddable":true,"href":"https:\/\/vnstudio.agency\/ugurgroup\/wp-json\/wp\/v2\/comments?post=16650"}],"version-history":[{"count":14,"href":"https:\/\/vnstudio.agency\/ugurgroup\/wp-json\/wp\/v2\/pages\/16650\/revisions"}],"predecessor-version":[{"id":17522,"href":"https:\/\/vnstudio.agency\/ugurgroup\/wp-json\/wp\/v2\/pages\/16650\/revisions\/17522"}],"wp:attachment":[{"href":"https:\/\/vnstudio.agency\/ugurgroup\/wp-json\/wp\/v2\/media?parent=16650"}],"curies":[{"name":"wp","href":"https:\/\/api.w.org\/{rel}","templated":true}]}}